{"id":2442,"date":"2014-03-13T00:04:33","date_gmt":"2014-03-13T04:04:33","guid":{"rendered":"http:\/\/proposmontreal.com\/?page_id=2442"},"modified":"2016-07-26T19:52:07","modified_gmt":"2016-07-26T23:52:07","slug":"dites-donc-dow","status":"publish","type":"page","link":"https:\/\/proposmontreal.com\/index.php\/boutique_pm\/tee-shirts\/dites-donc-dow\/","title":{"rendered":"Dites donc Dow!"},"content":{"rendered":"<span class=\"span-reading-time rt-reading-time\" style=\"display: block;\"><span class=\"rt-label rt-prefix\">Temps de lecture approximatif de<\/span> <span class=\"rt-time\"> &lt;\u00a01<\/span> <span class=\"rt-label rt-postfix\">minute<\/span><\/span><p><img loading=\"lazy\" decoding=\"async\" src=\"https:\/\/proposmontreal.com\/wp-content\/uploads\/2014\/03\/dow.png\" alt=\"Bi\u00e8re Dow Ale\" width=\"600\" height=\"556\" class=\"aligncenter size-full wp-image-2425\" \/><\/p>\n<div align=\"center\">\n<div id='gallery-1' class='gallery galleryid-2442 gallery-columns-1 gallery-size-thumbnail'><figure class='gallery-item'>\n\t\t\t<div class='gallery-icon portrait'>\n\t\t\t\t<a href='https:\/\/proposmontreal.com\/wp-content\/uploads\/2014\/04\/modele_dow.png'><img loading=\"lazy\" decoding=\"async\" width=\"127\" height=\"150\" src=\"https:\/\/proposmontreal.com\/wp-content\/uploads\/2014\/04\/modele_dow-127x150.png\" class=\"attachment-thumbnail size-thumbnail\" alt=\"\" srcset=\"https:\/\/proposmontreal.com\/wp-content\/uploads\/2014\/04\/modele_dow-127x150.png 127w, https:\/\/proposmontreal.com\/wp-content\/uploads\/2014\/04\/modele_dow-254x300.png 254w, https:\/\/proposmontreal.com\/wp-content\/uploads\/2014\/04\/modele_dow.png 297w\" sizes=\"auto, (max-width: 127px) 100vw, 127px\" \/><\/a>\n\t\t\t<\/div><\/figure>\n\t\t<\/div>\n\n<\/div>\n<p>Dow est partie int\u00e9grante de l\u2019histoire ouvri\u00e8re du Sud-Ouest de Montr\u00e9al. Passant d\u2019une des plus grandes de march\u00e9 jusqu\u2019\u00e0 une mort agonisante, il n\u2019y avait rien comme une Dow tablette apr\u00e8s une journ\u00e9e \u00e0 job \u00e0 shop.<\/p>\n<div align=\"center\">\n<a href=\"http:\/\/www.etsy.com\/ca-fr\/listing\/183157123\/tee-shirt-dites-donc-dow\" target=\"_blank\"><img loading=\"lazy\" decoding=\"async\" src=\"https:\/\/proposmontreal.com\/wp-content\/uploads\/2014\/04\/bouton_acheter.png\" alt=\"bouton_acheter\" width=\"265\" height=\"72\" class=\"aligncenter size-full wp-image-2625\" style=\"border-style: none\" srcset=\"https:\/\/proposmontreal.com\/wp-content\/uploads\/2014\/04\/bouton_acheter.png 265w, https:\/\/proposmontreal.com\/wp-content\/uploads\/2014\/04\/bouton_acheter-150x40.png 150w\" sizes=\"auto, (max-width: 265px) 100vw, 265px\" \/><\/a>\n<\/div>\n","protected":false},"excerpt":{"rendered":"<p><span class=\"span-reading-time rt-reading-time\" style=\"display: block;\"><span class=\"rt-label rt-prefix\">Temps de lecture approximatif de<\/span> <span class=\"rt-time\"> &lt;\u00a01<\/span> <span class=\"rt-label rt-postfix\">minute<\/span><\/span>Dow est partie int\u00e9grante de l\u2019histoire ouvri\u00e8re du Sud-Ouest de Montr\u00e9al. Passant d\u2019une des plus grandes de march\u00e9 jusqu\u2019\u00e0 une mort agonisante, il n\u2019y avait&#8230;<\/p>\n<div class=\"more-link-wrapper\"><a class=\"more-link\" href=\"https:\/\/proposmontreal.com\/index.php\/boutique_pm\/tee-shirts\/dites-donc-dow\/\">Pour lire l&#039;article&#8230;<span class=\"screen-reader-text\">Dites donc Dow!<\/span><\/a><\/div>\n","protected":false},"author":2,"featured_media":2632,"parent":2415,"menu_order":0,"comment_status":"open","ping_status":"closed","template":"","meta":{"jetpack_post_was_ever_published":false,"footnotes":""},"class_list":["post-2442","page","type-page","status-publish","has-post-thumbnail","hentry","excerpt","zoom","full-without-featured","even","excerpt-0"],"yoast_head":"<!-- This site is optimized with the Yoast SEO plugin v26.5 - https:\/\/yoast.com\/wordpress\/plugins\/seo\/ -->\n<title>Dites donc Dow<\/title>\n<meta name=\"description\" content=\"Tee-shirt Dites donc dow en honneur de la Bi\u00e8re Dow de nos parents.\" \/>\n<meta name=\"robots\" content=\"index, follow, max-snippet:-1, max-image-preview:large, max-video-preview:-1\" \/>\n<link rel=\"canonical\" href=\"https:\/\/proposmontreal.com\/index.php\/boutique_pm\/tee-shirts\/dites-donc-dow\/\" \/>\n<meta property=\"og:locale\" content=\"fr_FR\" \/>\n<meta property=\"og:type\" content=\"article\" \/>\n<meta property=\"og:title\" content=\"Dites donc Dow\" \/>\n<meta property=\"og:url\" content=\"https:\/\/proposmontreal.com\/index.php\/boutique_pm\/tee-shirts\/dites-donc-dow\/\" \/>\n<meta property=\"og:site_name\" content=\"ProposMontr\u00e9al\" \/>\n<meta property=\"article:publisher\" content=\"https:\/\/www.facebook.com\/proposmontreal\" \/>\n<meta property=\"article:modified_time\" content=\"2016-07-26T23:52:07+00:00\" \/>\n<meta property=\"og:image\" content=\"https:\/\/proposmontreal.com\/wp-content\/uploads\/2014\/04\/modele_dow.png\" \/>\n\t<meta property=\"og:image:width\" content=\"297\" \/>\n\t<meta property=\"og:image:height\" content=\"350\" \/>\n\t<meta property=\"og:image:type\" content=\"image\/png\" \/>\n<meta name=\"twitter:card\" content=\"summary_large_image\" \/>\n<meta name=\"twitter:site\" content=\"@ProposMontreal\" \/>\n<script type=\"application\/ld+json\" class=\"yoast-schema-graph\">{\"@context\":\"https:\/\/schema.org\",\"@graph\":[{\"@type\":\"WebPage\",\"@id\":\"https:\/\/proposmontreal.com\/index.php\/boutique_pm\/tee-shirts\/dites-donc-dow\/\",\"url\":\"https:\/\/proposmontreal.com\/index.php\/boutique_pm\/tee-shirts\/dites-donc-dow\/\",\"name\":\"Dites donc Dow\",\"isPartOf\":{\"@id\":\"https:\/\/proposmontreal.com\/#website\"},\"primaryImageOfPage\":{\"@id\":\"https:\/\/proposmontreal.com\/index.php\/boutique_pm\/tee-shirts\/dites-donc-dow\/#primaryimage\"},\"image\":{\"@id\":\"https:\/\/proposmontreal.com\/index.php\/boutique_pm\/tee-shirts\/dites-donc-dow\/#primaryimage\"},\"thumbnailUrl\":\"https:\/\/proposmontreal.com\/wp-content\/uploads\/2014\/04\/modele_dow.png\",\"datePublished\":\"2014-03-13T04:04:33+00:00\",\"dateModified\":\"2016-07-26T23:52:07+00:00\",\"description\":\"Tee-shirt Dites donc dow en honneur de la Bi\u00e8re Dow de nos parents.\",\"breadcrumb\":{\"@id\":\"https:\/\/proposmontreal.com\/index.php\/boutique_pm\/tee-shirts\/dites-donc-dow\/#breadcrumb\"},\"inLanguage\":\"fr-FR\",\"potentialAction\":[{\"@type\":\"ReadAction\",\"target\":[\"https:\/\/proposmontreal.com\/index.php\/boutique_pm\/tee-shirts\/dites-donc-dow\/\"]}]},{\"@type\":\"ImageObject\",\"inLanguage\":\"fr-FR\",\"@id\":\"https:\/\/proposmontreal.com\/index.php\/boutique_pm\/tee-shirts\/dites-donc-dow\/#primaryimage\",\"url\":\"https:\/\/proposmontreal.com\/wp-content\/uploads\/2014\/04\/modele_dow.png\",\"contentUrl\":\"https:\/\/proposmontreal.com\/wp-content\/uploads\/2014\/04\/modele_dow.png\",\"width\":297,\"height\":350},{\"@type\":\"BreadcrumbList\",\"@id\":\"https:\/\/proposmontreal.com\/index.php\/boutique_pm\/tee-shirts\/dites-donc-dow\/#breadcrumb\",\"itemListElement\":[{\"@type\":\"ListItem\",\"position\":1,\"name\":\"Accueil\",\"item\":\"https:\/\/proposmontreal.com\/\"},{\"@type\":\"ListItem\",\"position\":2,\"name\":\"Boutique PM\",\"item\":\"https:\/\/proposmontreal.com\/index.php\/boutique_pm\/\"},{\"@type\":\"ListItem\",\"position\":3,\"name\":\"Tee-Shirts\",\"item\":\"https:\/\/proposmontreal.com\/index.php\/boutique_pm\/tee-shirts\/\"},{\"@type\":\"ListItem\",\"position\":4,\"name\":\"Dites donc Dow!\"}]},{\"@type\":\"WebSite\",\"@id\":\"https:\/\/proposmontreal.com\/#website\",\"url\":\"https:\/\/proposmontreal.com\/\",\"name\":\"ProposMontr\u00e9al\",\"description\":\"Histoire, Urbanisme, Architecture et Opinions.\",\"potentialAction\":[{\"@type\":\"SearchAction\",\"target\":{\"@type\":\"EntryPoint\",\"urlTemplate\":\"https:\/\/proposmontreal.com\/?s={search_term_string}\"},\"query-input\":{\"@type\":\"PropertyValueSpecification\",\"valueRequired\":true,\"valueName\":\"search_term_string\"}}],\"inLanguage\":\"fr-FR\"}]}<\/script>\n<!-- \/ Yoast SEO plugin. -->","yoast_head_json":{"title":"Dites donc Dow","description":"Tee-shirt Dites donc dow en honneur de la Bi\u00e8re Dow de nos parents.","robots":{"index":"index","follow":"follow","max-snippet":"max-snippet:-1","max-image-preview":"max-image-preview:large","max-video-preview":"max-video-preview:-1"},"canonical":"https:\/\/proposmontreal.com\/index.php\/boutique_pm\/tee-shirts\/dites-donc-dow\/","og_locale":"fr_FR","og_type":"article","og_title":"Dites donc Dow","og_url":"https:\/\/proposmontreal.com\/index.php\/boutique_pm\/tee-shirts\/dites-donc-dow\/","og_site_name":"ProposMontr\u00e9al","article_publisher":"https:\/\/www.facebook.com\/proposmontreal","article_modified_time":"2016-07-26T23:52:07+00:00","og_image":[{"width":297,"height":350,"url":"https:\/\/proposmontreal.com\/wp-content\/uploads\/2014\/04\/modele_dow.png","type":"image\/png"}],"twitter_card":"summary_large_image","twitter_site":"@ProposMontreal","schema":{"@context":"https:\/\/schema.org","@graph":[{"@type":"WebPage","@id":"https:\/\/proposmontreal.com\/index.php\/boutique_pm\/tee-shirts\/dites-donc-dow\/","url":"https:\/\/proposmontreal.com\/index.php\/boutique_pm\/tee-shirts\/dites-donc-dow\/","name":"Dites donc Dow","isPartOf":{"@id":"https:\/\/proposmontreal.com\/#website"},"primaryImageOfPage":{"@id":"https:\/\/proposmontreal.com\/index.php\/boutique_pm\/tee-shirts\/dites-donc-dow\/#primaryimage"},"image":{"@id":"https:\/\/proposmontreal.com\/index.php\/boutique_pm\/tee-shirts\/dites-donc-dow\/#primaryimage"},"thumbnailUrl":"https:\/\/proposmontreal.com\/wp-content\/uploads\/2014\/04\/modele_dow.png","datePublished":"2014-03-13T04:04:33+00:00","dateModified":"2016-07-26T23:52:07+00:00","description":"Tee-shirt Dites donc dow en honneur de la Bi\u00e8re Dow de nos parents.","breadcrumb":{"@id":"https:\/\/proposmontreal.com\/index.php\/boutique_pm\/tee-shirts\/dites-donc-dow\/#breadcrumb"},"inLanguage":"fr-FR","potentialAction":[{"@type":"ReadAction","target":["https:\/\/proposmontreal.com\/index.php\/boutique_pm\/tee-shirts\/dites-donc-dow\/"]}]},{"@type":"ImageObject","inLanguage":"fr-FR","@id":"https:\/\/proposmontreal.com\/index.php\/boutique_pm\/tee-shirts\/dites-donc-dow\/#primaryimage","url":"https:\/\/proposmontreal.com\/wp-content\/uploads\/2014\/04\/modele_dow.png","contentUrl":"https:\/\/proposmontreal.com\/wp-content\/uploads\/2014\/04\/modele_dow.png","width":297,"height":350},{"@type":"BreadcrumbList","@id":"https:\/\/proposmontreal.com\/index.php\/boutique_pm\/tee-shirts\/dites-donc-dow\/#breadcrumb","itemListElement":[{"@type":"ListItem","position":1,"name":"Accueil","item":"https:\/\/proposmontreal.com\/"},{"@type":"ListItem","position":2,"name":"Boutique PM","item":"https:\/\/proposmontreal.com\/index.php\/boutique_pm\/"},{"@type":"ListItem","position":3,"name":"Tee-Shirts","item":"https:\/\/proposmontreal.com\/index.php\/boutique_pm\/tee-shirts\/"},{"@type":"ListItem","position":4,"name":"Dites donc Dow!"}]},{"@type":"WebSite","@id":"https:\/\/proposmontreal.com\/#website","url":"https:\/\/proposmontreal.com\/","name":"ProposMontr\u00e9al","description":"Histoire, Urbanisme, Architecture et Opinions.","potentialAction":[{"@type":"SearchAction","target":{"@type":"EntryPoint","urlTemplate":"https:\/\/proposmontreal.com\/?s={search_term_string}"},"query-input":{"@type":"PropertyValueSpecification","valueRequired":true,"valueName":"search_term_string"}}],"inLanguage":"fr-FR"}]}},"jetpack_sharing_enabled":true,"_links":{"self":[{"href":"https:\/\/proposmontreal.com\/index.php\/wp-json\/wp\/v2\/pages\/2442","targetHints":{"allow":["GET"]}}],"collection":[{"href":"https:\/\/proposmontreal.com\/index.php\/wp-json\/wp\/v2\/pages"}],"about":[{"href":"https:\/\/proposmontreal.com\/index.php\/wp-json\/wp\/v2\/types\/page"}],"author":[{"embeddable":true,"href":"https:\/\/proposmontreal.com\/index.php\/wp-json\/wp\/v2\/users\/2"}],"replies":[{"embeddable":true,"href":"https:\/\/proposmontreal.com\/index.php\/wp-json\/wp\/v2\/comments?post=2442"}],"version-history":[{"count":3,"href":"https:\/\/proposmontreal.com\/index.php\/wp-json\/wp\/v2\/pages\/2442\/revisions"}],"predecessor-version":[{"id":4325,"href":"https:\/\/proposmontreal.com\/index.php\/wp-json\/wp\/v2\/pages\/2442\/revisions\/4325"}],"up":[{"embeddable":true,"href":"https:\/\/proposmontreal.com\/index.php\/wp-json\/wp\/v2\/pages\/2415"}],"wp:featuredmedia":[{"embeddable":true,"href":"https:\/\/proposmontreal.com\/index.php\/wp-json\/wp\/v2\/media\/2632"}],"wp:attachment":[{"href":"https:\/\/proposmontreal.com\/index.php\/wp-json\/wp\/v2\/media?parent=2442"}],"curies":[{"name":"wp","href":"https:\/\/api.w.org\/{rel}","templated":true}]}}